{"id":488,"date":"2014-03-27T19:16:07","date_gmt":"2014-03-27T17:16:07","guid":{"rendered":"http:\/\/sigridweppelmann.de\/wordpress\/?page_id=488"},"modified":"2021-03-14T13:50:24","modified_gmt":"2021-03-14T11:50:24","slug":"linkliste","status":"publish","type":"page","link":"https:\/\/pferderleben.de\/?page_id=488","title":{"rendered":"Linkliste"},"content":{"rendered":"<p style=\"text-align: left;\"><a href=\"https:\/\/www.heike-lebherz.de\/Heike%20Lebherz\/Willkommen.html\">Heike Lebherz<\/a><\/p>\n<p>Wir haben uns vor einigen Jahren kennen gelernt.<br \/>\nIhre Reitkurse &#8222;Just fun&#8220; sind ein guter Einstieg in das Thema.<br \/>\n(Klicken Sie auf den Buchtitel, um direkt zu www.amazon.de zu gelangen)<\/p>\n<p><a href=\"https:\/\/www.amazon.de\/Just-fun-Reitkurs-f%C3%BCr-Kinder\/dp\/3405166713\/ref=pd_sim_14_2?_encoding=UTF8&amp;psc=1&amp;refRID=K8N1KAKHQTK09AC5NQND\"><img loading=\"lazy\" class=\"size-full wp-image-369 alignleft\" src=\"https:\/\/pferderleben.de\/wp-content\/uploads\/2014\/02\/JustfunKinder.jpg\" alt=\"\" width=\"115\" height=\"115\"><\/a> <a href=\"https:\/\/www.amazon.de\/Just-fun-Reitkurs-Erwachsene-Anfang\/dp\/340516480X\"><img loading=\"lazy\" class=\"size-full wp-image-368 alignnone\" src=\"https:\/\/pferderleben.de\/wp-content\/uploads\/2014\/02\/Justfunerwachsene.jpg\" alt=\"\" width=\"115\" height=\"115\"><\/a><\/p>\n<p style=\"text-align: left;\"><a href=\"https:\/\/www.osteopathiezentrum.de\/\">DIPO <\/a><\/p>\n<p>Das Deutsche Institut f\u00fcr Pferdeosteopathie, kurz <span class=\"caps\">DIPO<\/span>,<br \/>\nwurde im Jahr 1997 von Beatrix Schulte Wien auf dem<br \/>\nHof Thier zum Berge im westf\u00e4lischen D\u00fclmen als erste Ausbildungsst\u00e4tte im deutschsprachigen Raum f\u00fcr Pferdeosteopathie gegr\u00fcndet und bereits um zwei Standorte in Baden-W\u00fcrttemberg und Berlin erweitert. Bis heute wurden mehr als 700 Pferdeosteotherapeuten und \u00fcber 600 Pferdephysiotherapeuten ausgebildet.<\/p>\n<p><a href=\"https:\/\/www.osteopathiezentrum.de\/\" target=\"_blank\" rel=\"noopener\"><img loading=\"lazy\" class=\"wp-image-728 size-full alignleft\" src=\"https:\/\/pferderleben.de\/wp-content\/uploads\/2014\/03\/DIPO.bmp\" alt=\"\" width=\"113\" height=\"87\"><\/a><\/p>\n","protected":false},"excerpt":{"rendered":"<p>Heike Lebherz Wir haben uns vor einigen Jahren kennen gelernt. Ihre Reitkurse &#8222;Just fun&#8220; sind ein guter Einstieg in das Thema. (Klicken Sie auf den Buchtitel, um direkt zu www.amazon.de zu gelangen) DIPO Das Deutsche Institut f\u00fcr Pferdeosteopathie, kurz DIPO, &hellip; <a href=\"https:\/\/pferderleben.de\/?page_id=488\">Weiterlesen <span class=\"meta-nav\">&rarr;<\/span><\/a><\/p>\n","protected":false},"author":1,"featured_media":0,"parent":272,"menu_order":0,"comment_status":"closed","ping_status":"closed","template":"","meta":{"_bbp_topic_count":0,"_bbp_reply_count":0,"_bbp_total_topic_count":0,"_bbp_total_reply_count":0,"_bbp_voice_count":0,"_bbp_anonymous_reply_count":0,"_bbp_topic_count_hidden":0,"_bbp_reply_count_hidden":0,"_bbp_forum_subforum_count":0},"_links":{"self":[{"href":"https:\/\/pferderleben.de\/index.php?rest_route=\/wp\/v2\/pages\/488"}],"collection":[{"href":"https:\/\/pferderleben.de\/index.php?rest_route=\/wp\/v2\/pages"}],"about":[{"href":"https:\/\/pferderleben.de\/index.php?rest_route=\/wp\/v2\/types\/page"}],"author":[{"embeddable":true,"href":"https:\/\/pferderleben.de\/index.php?rest_route=\/wp\/v2\/users\/1"}],"replies":[{"embeddable":true,"href":"https:\/\/pferderleben.de\/index.php?rest_route=%2Fwp%2Fv2%2Fcomments&post=488"}],"version-history":[{"count":9,"href":"https:\/\/pferderleben.de\/index.php?rest_route=\/wp\/v2\/pages\/488\/revisions"}],"predecessor-version":[{"id":977,"href":"https:\/\/pferderleben.de\/index.php?rest_route=\/wp\/v2\/pages\/488\/revisions\/977"}],"up":[{"embeddable":true,"href":"https:\/\/pferderleben.de\/index.php?rest_route=\/wp\/v2\/pages\/272"}],"wp:attachment":[{"href":"https:\/\/pferderleben.de\/index.php?rest_route=%2Fwp%2Fv2%2Fmedia&parent=488"}],"curies":[{"name":"wp","href":"https:\/\/api.w.org\/{rel}","templated":true}]}}