{"id":333,"date":"2014-02-08T08:22:50","date_gmt":"2014-02-08T06:22:50","guid":{"rendered":"http:\/\/sigridweppelmann.de\/wordpress\/?page_id=333"},"modified":"2021-03-14T13:51:20","modified_gmt":"2021-03-14T11:51:20","slug":"buchtitel","status":"publish","type":"page","link":"https:\/\/pferderleben.de\/?page_id=333","title":{"rendered":"Buchtitel"},"content":{"rendered":"\n<div class=\"wp-block-group\"><div class=\"wp-block-group__inner-container\">\n<div class=\"wp-block-columns\">\n<div class=\"wp-block-column\">\n<figure class=\"wp-block-image is-resized\"><img loading=\"lazy\" src=\"https:\/\/pferderleben.de\/wp-content\/uploads\/2014\/02\/TitelLongieren_kleinInternet.jpg\" alt=\"\" class=\"wp-image-335\" width=\"167\" height=\"206\"\/><figcaption>Longieren &#8211; in kleinen Schritten zu gro\u00dfen Kreisen<\/figcaption><\/figure>\n\n\n\n<p>In kleinen Schritten zu gro\u00dfen Kreisen &#8211; so wird der Leser in diesem neuen Reitschul-Band systematisch an das Longieren herangef\u00fchrt.<br>Die Autorinnen vermitteln anschaulich, wie die Kommunikation auf Distanz funktioniert, denn das Pferd bewegt sich beim Longieren an einer rund acht Meter langen Leine,<\/p>\n\n\n\n<p><a href=\"https:\/\/www.amazon.de\/Longieren-kleinen-Schritten-Kreisen-Reitschule\/dp\/3275017276\/ref=sr_1_1?ie=UTF8&amp;qid=1486880627&amp;sr=8-1&amp;keywords=Sigrid+Weppelmann+Longieren\">LInk zu amazon.de<\/a><\/p>\n<\/div>\n\n\n\n<div class=\"wp-block-column\">\n<figure class=\"wp-block-image\"><img loading=\"lazy\" width=\"223\" height=\"327\" src=\"https:\/\/pferderleben.de\/wp-content\/uploads\/2020\/10\/SIGRIDs_BUCH_MEIN_PFERDEFUHERERSCHEIN_UMGANG.jpg\" alt=\"\" class=\"wp-image-831\" srcset=\"https:\/\/pferderleben.de\/wp-content\/uploads\/2020\/10\/SIGRIDs_BUCH_MEIN_PFERDEFUHERERSCHEIN_UMGANG.jpg 223w, https:\/\/pferderleben.de\/wp-content\/uploads\/2020\/10\/SIGRIDs_BUCH_MEIN_PFERDEFUHERERSCHEIN_UMGANG-205x300.jpg 205w\" sizes=\"(max-width: 223px) 100vw, 223px\" \/><figcaption>Mein Pferdef\u00fchrerschein Umgang<\/figcaption><\/figure>\n\n\n\n<p>Der Pferdef\u00fchrerschein Umgang von der Deutschen Reiterlichen Vereinigung (FN) ist f\u00fcr angehende Pferdeleute ein guter Einstieg in das Thema \u00bbPferd\u00ab. Zum einen werden theoretische Kenntnisse hinterfragt, zum anderen sind nachgestellte Alltagssituationen praktisch zu bew\u00e4ltigen. Mit Frage- und Antwortseiten sowie anschaulichen Bilderserien gelingt die Vorbereitung auf die Pr\u00fcfung. Die Themen sind gleicherma\u00dfen f\u00fcr Reiter, Fahrer, Voltigierer oder treue Begleiter interessant. Anschaulich wird Schritt f\u00fcr Schritt dargestellt, worauf es ankommt. Dabei geht es um das Wohl der Tiere, die Sicherheit und das harmonische Miteinander.<\/p>\n\n\n\n<p><a href=\"https:\/\/www.buecher.de\/shop\/buecher\/mein-pferdefuehrerschein-umgang\/weppelmann-sigrid\/products_products\/detail\/prod_id\/59276616\/\">Link zu buecher.de<\/a> <\/p>\n\n\n\n<p><a href=\"https:\/\/www.blickinsbuch.de\/book\/DKTdrff6El?fbclid=IwAR3NwWNpmbSD6bLBTS9Bi_2_WUgaNBVsn2xymBUnx1fuYTUKKrD0UVayoDM\">Ein Blick in das Buch<\/a><\/p>\n\n\n\n<p><\/p>\n<\/div>\n<\/div>\n\n\n\n<p><\/p>\n<\/div><\/div>\n\n\n\n<p><\/p>\n","protected":false},"excerpt":{"rendered":"<p>In kleinen Schritten zu gro\u00dfen Kreisen &#8211; so wird der Leser in diesem neuen Reitschul-Band systematisch an das Longieren herangef\u00fchrt.Die Autorinnen vermitteln anschaulich, wie die Kommunikation auf Distanz funktioniert, denn das Pferd bewegt sich beim Longieren an einer rund acht &hellip; <a href=\"https:\/\/pferderleben.de\/?page_id=333\">Weiterlesen <span class=\"meta-nav\">&rarr;<\/span><\/a><\/p>\n","protected":false},"author":1,"featured_media":0,"parent":0,"menu_order":0,"comment_status":"closed","ping_status":"closed","template":"","meta":{"_bbp_topic_count":0,"_bbp_reply_count":0,"_bbp_total_topic_count":0,"_bbp_total_reply_count":0,"_bbp_voice_count":0,"_bbp_anonymous_reply_count":0,"_bbp_topic_count_hidden":0,"_bbp_reply_count_hidden":0,"_bbp_forum_subforum_count":0},"_links":{"self":[{"href":"https:\/\/pferderleben.de\/index.php?rest_route=\/wp\/v2\/pages\/333"}],"collection":[{"href":"https:\/\/pferderleben.de\/index.php?rest_route=\/wp\/v2\/pages"}],"about":[{"href":"https:\/\/pferderleben.de\/index.php?rest_route=\/wp\/v2\/types\/page"}],"author":[{"embeddable":true,"href":"https:\/\/pferderleben.de\/index.php?rest_route=\/wp\/v2\/users\/1"}],"replies":[{"embeddable":true,"href":"https:\/\/pferderleben.de\/index.php?rest_route=%2Fwp%2Fv2%2Fcomments&post=333"}],"version-history":[{"count":11,"href":"https:\/\/pferderleben.de\/index.php?rest_route=\/wp\/v2\/pages\/333\/revisions"}],"predecessor-version":[{"id":978,"href":"https:\/\/pferderleben.de\/index.php?rest_route=\/wp\/v2\/pages\/333\/revisions\/978"}],"wp:attachment":[{"href":"https:\/\/pferderleben.de\/index.php?rest_route=%2Fwp%2Fv2%2Fmedia&parent=333"}],"curies":[{"name":"wp","href":"https:\/\/api.w.org\/{rel}","templated":true}]}}